 remainder when 39 is divided by i(-3)?
9
What is the remainder when 2 + -2 + (-3 - 1 - -53) is divided by 2/(-4) - (-54)/4?
10
Let f(g) = 2*g**2 + g**3 - 11*g**3 + 2*g - 6 + 2 + 5. What is the remainder when 41 is divided by f(-1)?
8
Let x(z) = z**2 - 9*z + 10. Let k be x(8). Suppose -k*r - 3*r = -20. Let n = r - -6. What is the remainder when 29 is divided by n?
9
Let l(v) = -v + 2. Let w be l(2). Suppose a - 3*j = 4*a - 24, w = a - 2*j - 8. Suppose n - a = 14. What is the remainder when n is divided by 12?
10
Suppose 3*o - 7 = 2*o + 5*k, -5*o = -k + 13. Let m = -3 - o. Suppose m = -4*b - b + 140. Calculate the remainder when b is divided by 15.
13
Suppose 2*i + 2 = -0. Let s = i - -4. Suppose -5*a + 60 = 2*r + s*r, 2*r - 30 = -5*a. What is the remainder when 17 is divided by r?
7
Suppose 9 = -5*h + 44. Let k = -24 - -36. What is the remainder when k is divided by h?
5
Let x(z) = -z**2 - 6*z + 2. Let m be x(-6). Let g(s) = 5*s - 1. Calculate the remainder when g(m) is divided by 5.
4
What is the remainder when (-41 - -2)/(6/(-4)) is divided by 7?
5
Suppose -114 = 3*j + 2*x, 2*j = -2*j + x - 163. Suppose -8*m - 69 = -5*m. Let r = m - j. What is the remainder when r is divided by 6?
5
Let d(s) = 2*s**2 + 12*s - 5. Suppose -5*b = -5*i - 25, -i + 2*b + 1 - 2 = 0. Let z(t) = 5*t**2 + 3*t + 3. What is the remainder when d(i) is divided by z(-2)?
15
Let g = -4 + 6. What is the remainder when (-318)/(-4)*g/3 is divided by 14?
11
Suppose -72 = -j - 2*j. Suppose 48 = 4*m - z, -17*m + 22*m + 3*z - 77 = 0. Calculate the remainder when j is divided by m.
11
Let j = 7 - 9. Let o be (-1 - -2)/((-1)/j). Suppose i - 4*p = 10, -3*i - p + 29 = o*i. What is the remainder when 17 is divided by i?
5
Suppose -4*t = -5*k - 101, -t + 3*k + 27 = -0*k. Calculate the remainder when t is divided by 7.
3
Suppose -3*n - 2*n = 0. Let r(q) = q**2 + q + 29. What is the remainder when 84 is divided by r(n)?
26
Let k be 86 + (0 - 2) + 0. Suppose 4*v = -0*s - 4*s + k, -13 = -v - 5*s. Calculate the remainder when 90 is divided by v.
21
Let x be 17/2 - 2/(-4). Suppose 0*t - 3*t = -x. Calculate the remainder when 14/3*18/12 is divided by t.
1
Let n(b) = -2*b**2 + b - 1. Let d be n(3). Let a = 39 + d. Let q = 42 + -30. Calculate the remainder when a is divided by q.
11
Suppose -5*m + 8 = 3. What is the remainder when 3 is divided by m?
0
Let s be 0/5 + 3 + 1. Calculate the remainder when 19 is divided by ((-10)/s)/((-2)/4).
4
Suppose w = -7 + 12. What is the remainder when 9 is divided by w?
4
Let u = -16 + 23. Calculate the remainder when 20 is divided by u.
6
Let k = -8 + 17. What is the remainder when 33 is divided by k?
6
Suppose 15 = 2*f + 3*f. What is the remainder when f is divided by 2?
1
Suppose 12 = 5*b - 3. Suppose -5*x = b*f + f - 109, -5*f - 79 = -4*x. What is the remainder when x is divided by 12?
9
Let d be (-3 + 4 - -3)*2. Let u(p) = -p**2 + 9*p - 3. What is the remainder when 8 is divided by u(d)?
3
Let q(r) = -2*r + 1. Suppose -2 = -v - 3. Suppose -2*o + 8 = -8. What is the remainder when o is divided by q(v)?
2
Let d(v) = v**3 + 6*v**2 - v + 7. Let r be (-12)/(-3)*2/2. Suppose -4*s + 6*s = 5*w + 29, r*s - 43 = 5*w. What is the remainder when d(-6) is divided by s?
6
Let y be 2 + -2 + 16/4. Calculate the remainder when ((-2)/y)/(2/(-216)) is divided by 14.
12
Let m(l) = -2*l**2 + 68. What is the remainder when m(0) is divided by 28?
12
Let l = 15 + 4. Calculate the remainder when 72 is divided by l.
15
Let z(v) = 2*v + 8. Let k(i) = i + 4. Let t(g) = -5*k(g) + 3*z(g). Let h(n) = -2*n + 5. Let m be h(4). What is the remainder when t(m) is divided by 1?
0
Let j(m) = 14*m + 11*m**2 - 3*m + 1 + m**3 - 2*m**3 - 23*m. Calculate the remainder when j(9) is divided by 15.
10
Suppose -4*s + s = -417. Calculate the remainder when s is divided by 28.
27
Suppose 4*k = -5*w + 45, 5*w - 21 = 3*w - k. What is the remainder when 38 is divided by w?
12
Suppose -2*h + 7 = 1. Suppose 18 = 3*a - h. What is the remainder when a is divided by 3?
1
Let b be ((-3)/(-6))/(1/2). Suppose -3*k + 75 = -4*u, -4*k = -9*k + 3*u + 114. Calculate the remainder when k is divided by (2 - 1)*(b - -11).
9
Let x(r) = -r**3 + 2*r**2 + 2*r - 1. What is the remainder when 16 - (6*-1 - -3) is divided by x(-2)?
8
Let j = -76 + 94. Suppose 2*b + 25 = 2*g + 7*b, -g - 4*b = -14. Calculate the remainder when j is divided by g.
8
Let s(o) = -o**3 - 2*o**2 + 4*o + 1. Let y be s(3). Let d = 103 + y. Calculate the remainder when d is divided by 18.
17
Suppose -2*i + 4*i = 4. Let m(q) = q - i - 4*q + 2*q**2 + 4 - q. Calculate the remainder when 3 is divided by m(2).
1
Suppose -5*z + 4*z = -32. Let p be (-19)/1*(-1)/(-1). Let u = p + z. Calculate the remainder when 38 is divided by u.
12
Let f be (-65)/(-15) - 2/(-3). Let x be (2/(-4))/(2/(-16)). Suppose x*r - 4*w = 124, 2*w = f*r - 2*w - 150. What is the remainder when r is divided by 9?
8
Calculate the remainder when 46 is divided by 1/2 - (-31)/2.
14
Let w = 15 - 11. What is the remainder when 11 is divided by w?
3
Suppose 0 = -j + 3*m, -2*m - 7 = -5*j + 2*j. Suppose 26 - 8 = j*p. Suppose l - p = -k + 35, 0 = -k + 4. What is the remainder when l is divided by 10?
7
Let m be (21/(-14))/((-6)/16). Let c(b) = 12*b - m*b - 4 + 3*b. Calculate the remainder when c(5) is divided by 18.
15
Suppose -12 = -3*m + 2*j, -15 = -0*m - 3*m + j. Calculate the remainder when 45 is divided by m.
3
Let d(p) = p - 4. Let v be d(-5). Let b(s) = -s. Let m be b(-1). What is the remainder when 7 is divided by (-39)/v + m/(-3)?
3
Let v(h) = -h + 12. Let x = -3 + 3. Suppose 0 = u + 4*g - 3, -u + g + 74 = 2*u. Calculate the remainder when u is divided by v(x).
11
Let p(r) be the first derivative of -3*r**2/2 - 3*r - 3. Let f be p(-2). Let x(d) = 2*d**3 - 4*d**2 + 4. Calculate the remainder when 64 is divided by x(f).
20
Suppose 16 = -4*t, -3*l + 0*l = 2*t - 82. Suppose -3*a + z + 26 = 0, 0*a = -5*a - 5*z + l. What is the remainder when 21 is divided by a?
5
Suppose 4*w + 18 = 3*o + 45, -14 = -3*w + o. What is the remainder when 3 is divided by w?
0
Suppose 13*o = 15*o - 42. Let b = 40 - o. What is the remainder when b is divided by 11?
8
Suppose 20 = 5*q - 2*x, 5*q - 4 = 4*q + 2*x. Suppose -q*z - 17 - 23 = 2*y, 3*y = 5*z - 38. What is the remainder when 22 is divided by (y/3)/((-4)/6)?
6
Suppose 3*f + 2*b - 12 - 2 = 0, -2*f = 3*b - 16. Suppose 0*v - 5*v = -2*t - 23, 0 = -5*t + 5*v - 20. Calculate the remainder when 2 is divided by 2/t - (f - 1).
0
Let q be 24/(-11) + (-18)/(-99). Let z(o) = -25*o - 1. Calculate the remainder when z(q) is divided by 13.
10
Calculate the remainder when 20 is divided by 6/30 - (-58)/10.
2
Let v be 1/(-2) - 35/(-10). Suppose v*f = 2*f + 26. What is the remainder when f is divided by 14?
12
Let g(f) = f**3 - 7*f**2 - 5*f - 9. Calculate the remainder when g(8) is divided by 6.
3
Let v be (-6)/(-3) + (-1 - -7). Let a be ((-2)/(-4))/((-1)/v). Calculate the remainder when 28 is divided by a/(-14) - 136/(-14).
8
Suppose -4*i + 24 = 5*w, 3*i = -w + 5*w - 13. Let h be 2 + -4 - 24/(-2). Calculate the remainder when 13 is divided by 2/(w/h*1).
3
Let v = 208 + -109. Calculate the remainder when v is divided by 34.
31
Let o(x) = -x**3 + 4*x**2 + 2*x - 4. Let u be o(4). Suppose 3*w = 5*s + 14 - 76, 16 = -u*w. What is the remainder when -2 - -23 - (1 - -2) is divided by s?
8
Let a = -2 + 0. Calculate the remainder when -1 + -9*(-5 - a) is divided by ((-6)/4)/((-6)/56).
12
Let c = 14 - 7. Let g = 7 - c. Suppose -w = -g*w - 13. Calculate the remainder when 23 is divided by w.
10
What is the remainder when (31/5)/(10/50) is divided by 11?
9
Let x be 4 + -1 - (1 + 0). Suppose -14 = -x*n + 2*i, 23 = n + i - 6*i. What is the remainder when 22 is divided by 7 + (-3)/((-9)/n)?
6
Suppose 2*g + 4*a = 6*g - 52, 2*a = g - 14. Calculate the remainder when g is divided by 5.
2
Let c be (2*-1)/(5/(-20)). Let v = -5 + c. Suppose 0 = -8*g + 44 - 4. What is the remainder when g is divided by v?
2
Suppose 0 = -3*j - 5*x + 55, -2*j + 23 = 4*x - 11. Calculate the remainder when 49 is divided by j.
24
Let q(r) = -r**2 + r + 26. Suppose -7*a = o - 2*a + 25, 0 = -4*o - 2*a - 10. Calculate the remainder when q(o) is divided by 14.
12
Let h be ((-3)/2)/((-15)/380). Let n = h - 16. What is the rema